7)). Calculate the greatest common divisor of 10 and d.
2
Let u(k) = k**2 - 20*k + 30. Let h be u(21). Calculate the greatest common factor of h and 357.
51
Suppose -96 = -0*m - 4*m. Let q(g) = -6*g**2 - 9*g - 2. Let h be q(-4). Let t = 122 + h. Calculate the highest common divisor of m and t.
12
Suppose -2*g - 65 = -2*q + 3*g, -q - 5 = 5*g. Calculate the greatest common factor of q and 60.
20
Let w(f) = -f**2 + 29*f - 44. Let k be w(25). Calculate the highest common divisor of k and 48.
8
Suppose 0 = -3*j - 50 + 1850. Calculate the greatest common factor of j and 75.
75
Let o be ((-45)/(-48)*-4)/(6/(-80)). Calculate the highest common factor of o and 450.
50
Let v = 144 + -54. Suppose 5*t = -t + v. What is the highest common divisor of t and 15?
15
Let k = 127 - -25. Calculate the highest common divisor of k and 24.
8
Suppose -5*i = 5*q + 10, 4*i + 13 + 7 = 0. Let j(x) be the first derivative of 12*x**2 + 8. Let c be j(q). What is the highest common factor of 18 and c?
18
Let o = -2369 - -2377. Calculate the highest common factor of o and 1752.
8
Suppose -29 = -4*w - 4*f - 1, 5*f = 2*w - 14. Let h(d) = 35*d. Let v be h(2). Suppose w*b - 2*b = v. Calculate the highest common factor of 154 and b.
14
Suppose n - 6 + 2 = 0. Let o be (1 - (3 + 1)) + n. Let u(p) = p**3 + 7*p**2 + 5*p + 5. Let z be u(-6). What is the greatest common factor of o and z?
1
Suppose -2*g = 4*h - 36, -g - 5*h - 53 = -2*g. Let w = g + -13. Let z = 13 - 7. What is the highest common divisor of w and z?
3
Suppose 0 = 5*s + 2*c - 80, -s + 5*c - 4 = -20. Let x be (-18 - -6)*(-1)/3 - 0. What is the greatest common divisor of x and s?
4
Let b(i) be the first derivative of i**3/3 + 3*i**2/2 - 3. Let u be b(-5). Let d be 4/(-34) + (-1362)/(-17). What is the highest common factor of d and u?
10
Let c(v) = -v**2 + 5*v + 60. Let o be c(8). What is the greatest common factor of o and 168?
12
Let t = -19 - -39. Let j(h) = -9*h + 5. Let v be j(-5). Let r = v - t. What is the greatest common divisor of r and 10?
10
Suppose 392 = -8*s + 2800. What is the greatest common divisor of s and 43?
43
Suppose 5*c + 53 = 4*x, -5*c - 21 = -5*x + 44. Suppose 3*w = x + 45. Calculate the greatest common divisor of w and 209.
19
Let r = 1771 + -1255. What is the highest common divisor of r and 6?
6
Suppose 4 = b - 0. Suppose b*c - 51 = -7. What is the highest common divisor of c and 44?
11
Let x(s) = s**2 - 10*s + 8. Suppose 5 = -2*o + 25. Let m be x(o). Calculate the greatest common divisor of m and 16.
8
Let v(u) = -3*u - 13. Suppose -g + 5*b - 47 = -13, 0 = -4*b + 20. Let f be v(g). Calculate the greatest common divisor of f and 112.
14
Let w(k) = -k**3 - 8*k**2 - 27*k - 1. Let m be w(-8). Calculate the greatest common divisor of m and 5.
5
Let h = -18 - -26. Suppose 0 = -h*w + 3*w. Suppose w = 4*r + r - 300. Calculate the greatest common divisor of 15 and r.
15
Let q(l) = l**2 - 7*l + 4. Let k be q(7). Suppose 2*h = -4*n + 110, k*n + 5*h - 29 = 90. Calculate the highest common divisor of 208 and n.
26
Let r be (-37)/(-7) + 4/(-14). Let v(s) = 13*s - 1. Let f be v(4). Suppose -x + 4 = -f. Calculate the greatest common divisor of x and r.
5
Let w = -1199 + 1239. Calculate the highest common factor of 128 and w.
8
Let z = -638 + 693. Suppose -8*n + 25 = -3*n. Calculate the greatest common divisor of z and n.
5
Suppose -3*w + 2738 = 527. What is the highest common divisor of w and 201?
67
Let y = -64 + 399. What is the greatest common factor of y and 134?
67
Let k(f) = -f**3 + 4*f**2 - 6. Let a be k(2). Suppose -7*w = a*w - 99. Calculate the greatest common divisor of w and 55.
11
Let d = 18 - 26. Let m be (12/d)/(4/8). Let l be (3 - 2)/((-1)/m). Calculate the greatest common divisor of 27 and l.
3
Suppose -8*g + 4*g - 112 = 0. Let u = g + 113. Calculate the highest common factor of 17 and u.
17
Let u = -120 - -124. Let r = -1 - -5. Suppose r*o - 220 = -o. Calculate the highest common factor of u and o.
4
Suppose 33*c + 775 = 38*c. Calculate the highest common divisor of c and 5.
5
Let p(f) = -16*f - 740. Let m be p(-47). What is the highest common factor of m and 618?
6
Suppose -1866 = -12*g - 630. What is the greatest common divisor of 103 and g?
103
Let z be 10 + 3*12/(-9). Suppose -8*n + z*n + 8 = 0. Let f = n + 28. Calculate the greatest common factor of 4 and f.
4
Let c(t) = -t**2 - 9*t - 7. Let l be c(-7). Calculate the greatest common factor of l and 392.
7
Let g = 9 - -103. Let n = 181 - 149. Calculate the greatest common divisor of g and n.
16
Let g = 8 + -4. Suppose r - 40 = -g*j - 12, -3*j = -4*r - 2. Let v be (12/15)/(((-198)/(-90))/11). What is the highest common factor of j and v?
2
Let o = -30 - -66. Let w be 9501/24 - (-15)/120. Calculate the greatest common divisor of o and w.
36
Let a = 100 + 116. Let t be (2340/(-910))/(4/(-42)). What is the highest common divisor of t and a?
27
Let r be (-15 - -24) + 10/2. Calculate the greatest common divisor of 20 and r.
2
Let l = 35 - 9. Let o(i) = 60*i - 22. Let z be o(6). Calculate the greatest common divisor of z and l.
26
Suppose -3*o + 66 = 8*o. Let i = 3 - 1. Let h be -12*(i - (-15)/(-6)). What is the highest common factor of o and h?
6
Let o(b) = 66*b - 525. Let q be o(46). Calculate the greatest common factor of q and 31.
31
Suppose -4*x - z = z + 6, z = 2*x + 1. Let m be (-60)/(-6) - (-2 + (-2)/x). What is the greatest common factor of 40 and m?
10
Let a(l) = -16*l - 8. Let v be a(-7). Let y(m) = 2*m**2 - 19*m - 25. Let s be y(11). Suppose -s*j + 57 + 47 = 0. What is the greatest common factor of v and j?
13
Suppose -g - 4 = -2*n + 2, 10 = 5*g. Let k = 14 + n. Calculate the highest common factor of 72 and k.
18
Let r(n) = 7*n**2 - n - 1. Let s be r(-1). Suppose 847 = -3*d + 10*d. Suppose -5*u + d - 51 = 0. What is the greatest common divisor of s and u?
7
Suppose -5*v = -2*v. Let i be 3/((v + 4)/4). Suppose 2*h = -i*w - w + 26, -45 = -5*h - 5*w. What is the greatest common divisor of h and 5?
5
Let i(w) = -4*w + 2. Let s be i(-4). What is the greatest common factor of 6 and s?
6
Suppose -u - 116 - 236 = 4*w, 328 = -4*w + 5*u. Let h be (-2)/5 - w/5. Let z = 25 + h. What is the greatest common factor of z and 6?
6
Suppose 0 = 6*c - 1154 - 670. Let x = c + -61. Calculate the highest common divisor of 27 and x.
27
Let t be (-3*(-6)/(-24))/((-12)/160). What is the highest common divisor of t and 15?
5
Let h(r) = -22 + 6 + 3*r**2 - 29*r + 30*r. Let d be h(-4). Let b = -140 + 210. What is the greatest common divisor of b and d?
14
Suppose -7*y = -y - 78. Let b be (22/(-11))/((-1)/y). What is the highest common factor of 13 and b?
13
Let k be 2*3/(-18) + 26/(-3). Let y be k/6 + (-333)/(-2). What is the highest common divisor of 15 and y?
15
Suppose -58*o + 86548 = -5324. Calculate the greatest common factor of 16 and o.
16
Let t be (-5 + -1)/((-9)/6). Let a(y) = -5*y + 88. Let x be a(16). What is the highest common factor of t and x?
4
Suppose -q + 20 = 4*q. Let n be 22/((q - 0)/16). Calculate the greatest common factor of 8 and n.
8
Suppose 0 = -q + 2*q - 12. Let u = q + -19. Let c(m) = -m**3 - 6*m**2 + m + 3. Let a be c(u). Calculate the highest common divisor of a and 15.
15
Let o = 189 - 114. Suppose 0 = 4*y - o + 7. What is the highest common factor of 187 and y?
17
Let x be ((900/(-8))/15)/((-2)/4). What is the greatest common factor of x and 615?
15
Let u(f) = 425*f**3 + 2*f**2 + 7*f - 9. Let y be u(1). What is the greatest common factor of y and 175?
25
Let n = -38 - -41. Suppose -7*l + n*l - g = -55, 0 = 2*g + 10. What is the greatest common divisor of l and 120?
15
Let s be 2/(-3)*432/12. Let g be (38 + s)*4/14. What is the highest common divisor of g and 1?
1
Let h = 124 + -120. Suppose h*s - 4*d = -0*s + 76, d = 1. Calculate the highest common divisor of 120 and s.
20
Suppose -1386 = -27*p + 2961. Suppose 3*k + h - 64 = 0, -2 - 8 = 2*h. Calculate the highest common divisor of k and p.
23
Let v(n) = -18*n + 11. Let x be 7/(21/18) + 3. Let z = -2 - x. Let j be v(z). What is the greatest common factor of j and 19?
19
Suppose 6 = -11*c + 14*c. Calculate the highest common divisor of 34 and c.
2
Let k = -2753 - -2906. What is the highest common factor of k and 357?
51
Let r be (3 - -1)/(2/7). Let u = r + -10. Suppose 0 = -4*q - 8, -